- q + 4. List the prime factors of m(-4).
2, 5
Suppose 4*x - 70 = 3*x - 3*a, -5*a = -4*x + 246. List the prime factors of x.
2
Suppose 2*z - 5 - 5 = 0. List the prime factors of z.
5
Suppose 100 = 2*f + 4*n, 4*f + 4*n = n + 210. What are the prime factors of f?
2, 3
Let w(d) = -d + 17. Suppose 0 = -4*q + 3*v + 22, 5*q + 0*v + 4*v - 43 = 0. List the prime factors of w(q).
2, 5
Let u(z) = -z**3 - 4*z**2 - z + 3. Let b(l) = l**2 - 10*l + 5. Let r be b(9). Let v be u(r). What are the prime factors of v/(147/(-36))*-7?
2, 3
Let s(r) = -r**2 - 4*r + 5. Let j be s(-5). What are the prime factors of 13 - (3 + (j - 1))?
11
Suppose n + f + 3 = -2*f, 5*n = -4*f - 4. Let b be n + 13 + -3*1. Suppose -5*x - 50 = -b*x. List the prime factors of x.
2, 5
Suppose 5 = r + 3. Suppose -4*x - 4*p + 14 = -r*x, -4*p = 8. What are the prime factors of x?
11
Suppose 3*s = 140 - 2. What are the prime factors of s?
2, 23
Suppose 4*p + l = -0*l + 66, -p = 5*l - 7. Suppose -7 = 5*s - p. What are the prime factors of s?
2
Suppose 64 = v - 5*s + 1, -126 = -2*v + 5*s. List the prime factors of v.
3, 7
Suppose -5*h + 10 = 3*r - 35, 5*h = 3*r + 75. What are the prime factors of h?
2, 3
Suppose 3*r = -4*w + 5*r + 72, -5*w - 4*r + 77 = 0. Let z = -1 + w. What are the prime factors of (-2)/(-8) - (-108)/z?
7
Let b be (3 - -1) + (-5 - -3). List the prime factors of 8/b + 330/11.
2, 17
Let l(z) be the second derivative of z**3/2 + 2*z**2 + z. Let p(j) = j**2 - 4*j + 3. Let u be p(4). What are the prime factors of l(u)?
13
Let z(q) = q**3 - 8*q**2 + 8*q - 8. Let k be z(7). What are the prime factors of (-49 - k)*(-1)/2?
2, 3
Let b(k) = k**2 - k + 1. Let g(s) = -7*s**2 - 8. Let j(q) = 6*b(q) + g(q). Let n(u) be the first derivative of j(u). List the prime factors of n(-6).
2, 3
Suppose -2*f + 43 = -5*u, -2*f = 3*f + u - 67. What are the prime factors of f?
2, 7
Let s = 6 - 3. Suppose s*f + 2*f = 20. What are the prime factors of f?
2
Let b(h) = -3*h**2 - h. Let j be b(-1). Let q be (-5)/j - 6/(-4). List the prime factors of 4/(-6)*(-42)/q.
7
Let x(t) = 28*t - 4. Let b be -1 + (2/(-2) - -4). List the prime factors of x(b).
2, 13
Suppose 0 = -2*m - 2*m + 8. Suppose m*b - 6 = 22. List the prime factors of b.
2, 7
Let d = 1 + -2. Let q be (0 + 0)/(-2 + d). Suppose q = 5*z - 29 - 16. List the prime factors of z.
3
What are the prime factors of 0/(-1) - (18 + -20)?
2
Suppose 4*j = 3*v - 439, 4*j = -3*v + 2*j + 415. What are the prime factors of v?
3, 47
Suppose 0 = -3*v + 5*c + 25, -5*v + 2*c + 11 + 18 = 0. Let o(j) = 3*j**2 + 4*j**2 + 7*j - v*j**2 + 5. List the prime factors of o(-4).
3
Let b(k) = -k**3 + 2*k**2 - 2*k - 1. Let m be b(2). List the prime factors of (-6)/4*(m - -1).
2, 3
Suppose -4*k + 2 = -3*k. Suppose 5*z - z = k*s - 38, 0 = -2*s + 5*z + 37. List the prime factors of s.
3, 7
Suppose -o + 50 = 4*o. Let u = o - -3. List the prime factors of u.
13
Let f(k) = -6*k + 4*k - 12 + 3*k - 3*k. What are the prime factors of f(-8)?
2
Let r(y) = -y + 8. Let d be r(-7). What are the prime factors of (-1)/(-5) - (-222)/d?
3, 5
Let l be 48/10 + (-1)/(-5). Let n = 12 + -14. What are the prime factors of n/l + 469/35?
13
Suppose 11*n = 10*n. Let t = 2 + n. What are the prime factors of t?
2
Let z(p) = 4*p**2 + 13*p - 40. What are the prime factors of z(6)?
2, 7, 13
Let v be (3/2)/(2/(-4)). Let s = v + 9. List the prime factors of s.
2, 3
Let x(y) = -2*y + 1. Suppose 4*q + 7 = 2*a + 3, 0 = 4*a. What are the prime factors of x(q)?
3
Let c be (6 - 1)*(-7 + 8). Suppose 0 = b - 2*t - 16, 2*t + 15 = c*b - 41. What are the prime factors of b?
2, 5
Suppose -d - 171 = 11. What are the prime factors of d/(-8) - 6/(-24)?
23
Suppose -5*u + 3*p = -p + 44, -5 = u + 3*p. Let s(r) = -r - 5. Let d be s(u). Suppose 28 = d*q - q. List the prime factors of q.
2, 7
Let w = -53 + 76. Suppose 0*c + 5*c - 4*i = w, 5*c = 2*i + 19. Suppose -b - c*b - 2*z + 24 = 0, 0 = -5*b + 3*z + 41. List the prime factors of b.
7
Let v(o) = -o**2 - 3*o + 3. Let c be v(-3). Let x(k) = -k**3 + 2*k**2 + 4*k + 1. List the prime factors of x(c).
2
Let q be (-9)/(-21) - 10/7. Let g(w) = -30*w + 2. What are the prime factors of g(q)?
2
Suppose 82 = 2*f - 4*f. Let z = f - -95. What are the prime factors of z?
2, 3
Suppose 37 + 47 = 2*b. List the prime factors of b.
2, 3, 7
Let s(v) = v**3 - 5*v**2 + 5*v - 5. Let m be s(4). Let c be (-1 - (-2 - m))/1. Suppose c = -4*f - h + 27, -f + 3*f - 21 = h. List the prime factors of f.
2
Suppose -z = q - 316, -4*z = 2*q - 392 - 246. What are the prime factors of q?
313
Let x = 18 + -23. List the prime factors of 11/55 + (-194)/x.
3, 13
Let d be 0 - -2 - 1*16. List the prime factors of (-19)/(-4) - d/56.
5
Let l(j) = -j**3 - 4*j**2 - 5*j - 3. Let p be l(-3). Suppose m - p*m + 10 = -2*b, 4*m - 3*b - 20 = 0. Suppose -2*g + 9 = -m. What are the prime factors of g?
7
Let z be ((-3)/6)/(2/8). Let h be (-49)/(-4) + z/8. Suppose -2*c + 18 = -h. List the prime factors of c.
3, 5
Let f(a) = a**3 - 8*a**2 + 9*a + 8. What are the prime factors of f(7)?
2, 11
Suppose 0 = 5*w - 4*v - 124, -4*w + 8*w - 4*v = 100. List the prime factors of w.
2, 3
Suppose 0 = -5*t - 15 - 15. Let y(d) = d**2 + 3*d + 3. List the prime factors of y(t).
3, 7
What are the prime factors of (1 + -2)/((-6)/72)?
2, 3
Let i(a) = -a**2 + 5*a + 1. Let o be i(4). Suppose v = -o + 25. What are the prime factors of ((-24)/v)/((-6)/20)?
2
Let q = -31 - -55. Suppose 4*d = 2*i + q, 0 = i + 2*d - 7*d + 3. What are the prime factors of 1/(-2) + i/(-4)?
2
Let b = 107 - 71. Let m(p) = -7*p + 3. Let r be m(4). Let j = b + r. List the prime factors of j.
11
Let c = 79 - -268. List the prime factors of c.
347
Suppose -2*y + 2*s - 2 = 0, 2*s + 9 = -4*y + 23. Suppose 5 + 3 = y*j. What are the prime factors of j?
2
Suppose 0 = f - 3 - 4. List the prime factors of f.
7
Let x = 148 + 77. What are the prime factors of x?
3, 5
Let f(v) = -v - 5. Let g be f(-5). Suppose n - 4*b = 31, g*b + 6 = n + b. What are the prime factors of n?
11
Let s = -11 - -11. Suppose y + 6 - 39 = s. What are the prime factors of y?
3, 11
Suppose -5*d + 76 = -3*d. Let z = d - 20. List the prime factors of z.
2, 3
Suppose -2*x + 3*o - 2 = 0, 6*o - 12 = -2*x + 2*o. Let p be (-3)/(-3) + -2 + 19. Suppose -k + p = x*k. What are the prime factors of k?
2, 3
Let k(v) = -v**3 + 3*v**2 - 2*v + 2. Let l be k(2). Suppose -2*n - 10 = 5*i, -n - l*i = n + 4. Suppose -r + 2 = -n. What are the prime factors of r?
2
Let x(s) = s**3 - 6*s**2 + 5*s - 6. Let o be x(5). List the prime factors of (-27)/o - (-1)/2.
5
Let m = 9 - -18. What are the prime factors of m?
3
Suppose -2*w = -3*m + 1, -28 = -4*w - 2*m - 2*m. Let g(v) = 9. Let t(c) = -c - 8. Let o(u) = w*t(u) + 3*g(u). What are the prime factors of o(-7)?
23
What are the prime factors of 155 + (0 - -3 - 1)?
157
Let f be 17 + 3 + 1 + -3. Suppose 0 = -2*r + 3*k + k - 6, -4*r = -2*k - f. What are the prime factors of r?
7
Let s = -6 + 8. Suppose 10 = s*f + 2. Suppose 4*u - 32 = f. What are the prime factors of u?
3
Let r(z) = -4*z**2 + 5*z**2 - 4*z**2 - 3*z**3 - 2*z - 3*z**3. Let t be r(-2). Suppose 0*x - 5*x + t = 0. What are the prime factors of x?
2
Let x be ((-150)/(-9))/((-1)/(-3)). Suppose g + 4*g = x. Suppose 10*b - 5*b - g = 0. List the prime factors of b.
2
Suppose -5*v = -9 - 11, -4*v - 104 = -2*n. List the prime factors of n.
2, 3, 5
Let p = 43 + -25. Suppose 5*l = 2*l + p. Suppose 0 = t - l*t + 95. List the prime factors of t.
19
Let s = 112 + -35. Suppose -3*l + s = -31. List the prime factors of l.
2, 3
Suppose 3*a + 4*q - 397 = 0, 5*a + 3*q = 6*q + 681. What are the prime factors of a?
3, 5
Let w(k) = 2*k**2 + 3*k - 2. What are the prime factors of w(3)?
5
Let b be 4/10 - (-8)/5. Let z = 12 - b. What are the prime factors of z?
2, 5
Let m be 4/5*(-6 - -1). What are the prime factors of (-9)/(-3) - 0 - m?
7
Suppose 16 = -4*g + 12*g. Let x(u) = u**3 - 6*u**2 + 2. Let z be x(6). Let a = g + z. List the prime factors of a.
2
Let r = 76 + -38. Let z = -20 + r. What are the prime factors of z?
2, 3
Let f(j) = -2*j**2 - 5*j - 3. Let l(d) = 10*d**2 + 24*d + 14. Let o(i) = 14*f(i) + 3*l(i). What are the prime factors of o(-2)?
2
Let w = -38 - -64. What are the prime factors of 6/12*(w + 2)?
2, 7
Let a = -10 + 10. Suppose a = 2*x + u - 18, x - u =